-f - 17 = 4*i, i - 2 = -3*f + 2. What is o(f)?
3
Let l(j) = 3*j - 4. Suppose -2 = -2*y + 2. Suppose y*f - 3*f = -3. Let z be -3 + 3 + f - 0. Give l(z).
5
Let c = -1 + 4. Let u(o) be the first derivative of o**3/6 + 3*o**2/2 - 2*o + 1. Let k(n) be the first derivative of u(n). Give k(c).
6
Let w(h) = -h**3 + 6*h**2 - h - 2. Suppose q - 20 + 14 = 0. Calculate w(q).
-8
Let o(p) = -3 - p**3 + 4*p**2 - 3*p**3 - p**3 + 4*p**3. Determine o(3).
6
Let b(n) = -2*n - 4*n**3 + 3 + 5*n**3 - 2*n**2 + 3*n + 11*n**2. Calculate b(-9).
-6
Let j(n) = -5*n**3 - 2*n**2 - n. Suppose -4*z + 13 = 5*f, -2*f + 7*f + z - 22 = 0. Suppose -7*v + 2*v = f. Determine j(v).
4
Let l(g) = g**2 - 3*g + 1. Let q(h) = h + 10. Let u be q(-6). Determine l(u).
5
Let q(a) = -7*a**3 + 16*a**2. Let b(p) = -6*p**3 + 15*p**2. Let j(n) = -6*b(n) + 5*q(n). Calculate j(10).
0
Suppose -3*o + 3*d = 6, o - 2 = -3*d - 4. Let p(i) be the second derivative of 0 - i**2 - 1/2*i**3 - 4*i. Calculate p(o).
4
Let k(z) = -z + 1. Suppose 0 = -2*r + 11 + 3. Determine k(r).
-6
Let b(l) = l**2 - 4*l - 3. Let p be b(5). Let y(m) = -2*m - 7 + 0*m**p - 4*m**2 + 5*m**2 + 0*m**2. Calculate y(5).
8
Let v(l) = -6*l + 5. Let d(b) be the first derivative of -3*b**2 + 4*b - 1. Let i(p) = 4*d(p) - 3*v(p). Let y be 7 - (12 - (-1 + 7)). Give i(y).
-5
Let g(m) be the second derivative of m**5/20 - m**4/3 - 2*m**3/3 - 7*m**2/2 - 3*m. What is g(5)?
-2
Let l(p) = -p**2 + 6*p - 3. Suppose -16 = -4*u + 2*u. Let h(j) = 3*j**2 - 18*j + 9. Let g(i) = u*l(i) + 3*h(i). Let k be ((-12)/10)/((-2)/5). What is g(k)?
-6
Let t(w) = -w**3 - 6*w**2 + 4*w - 1. Suppose -4*c = -5*z - 2 - 41, -2*z - 10 = 2*c. Calculate t(z).
20
Let l(m) = m - 2. Let z(u) = -2*u + 3. Let o(t) = -5*l(t) - 3*z(t). Let v be 0*(6/4)/3. Determine o(v).
1
Let g = 9 + -13. Let u(y) = y**2 - 5. Calculate u(g).
11
Let k(c) = 6*c**2 + 6*c - 7*c**2 + 2 - 2 - 1. Calculate k(5).
4
Let q(w) be the first derivative of 1 - w + 1/3*w**3 - w**4 + 1/2*w**2. Let s(b) = b**3 + 2*b**2 + 1. Let p be s(-2). What is q(p)?
-3
Let x(m) be the second derivative of -m**3/6 + 3*m**2/2 + 2*m. Let h(t) = 2*t - 5. Let i be h(5). Let l = i + -1. Determine x(l).
-1
Let m(x) = x - 1. Let r(b) = -b + 4. Let s be r(-2). Let f(p) = 7*p + 1. Suppose -2*w - 2*w = g, g - 7 = 3*w. Let n(t) = s*m(t) + w*f(t). Determine n(-5).
-2
Suppose 4*j + 12 = -3*y + 3*j, 2*j - 16 = 4*y. Let q(d) = d**2 + 5*d - 1. Give q(y).
-5
Suppose 6*x - 9 = 3*x. Suppose 13 = 4*o + 4*y + 41, 0 = 2*o + x*y + 19. Let w(a) = -3*a. What is w(o)?
6
Suppose 3*g + g = 20. Let l = g - 5. Suppose l*o = 2*o + 3*y, -17 = 3*o - 4*y. Let n(b) = -b - 3. Calculate n(o).
0
Let j(r) = 15*r + 21. Let a(i) = -4*i - 10. Let w(b) = -b. Let d(p) = -a(p) - 3*w(p). Let v(k) = 9*d(k) - 4*j(k). Let m = -20 - -16. Give v(m).
-6
Let b = 1 - -1. Let m(k) = -k**3 + 4*k**2 - 2*k - 1. Let o be m(b). Let f(i) = 4*i - 2 - 1 - 5*i. Give f(o).
-6
Suppose 2*g = -2*g. Let n be 2*(-2)/8*g. Let a(f) = f**3 - f + 4. Give a(n).
4
Let i be 7/28 + 21/12. Suppose 4*w + 10 = -i*x - 8, 0 = -2*x + 4*w - 2. Let h(y) = -y**2 - 7*y - 3. Give h(x).
7
Let w(a) = -a**2 - a - 1. Let k = -97 - -94. Determine w(k).
-7
Let l(p) = -p**2 + 2. Let v(r) = 1. Let y(h) = -l(h) - 3*v(h). Give y(3).
4
Suppose -4*q = 7 + 13. Let s(y) be the first derivative of y**2 + 1/4*y**4 + 5/3*y**3 - 4 + 4*y. Calculate s(q).
-6
Suppose -19 = -4*b + 5*v, 28 = 4*b - v + 5*v. Let d(j) = j**2 - 6*j + 2. Calculate d(b).
2
Suppose -5*d = 3*o - o - 26, 5*d - 2*o = 14. Let f(y) = -y**3 + 4*y**2 + 4*y + 2. Determine f(d).
18
Let z(r) = -r**2. Let j(x) = x**3 + 12*x**2 + 7*x + 1. Let t(f) = j(f) + 6*z(f). Calculate t(-5).
-9
Suppose 2 - 6 = -2*v. Let g(l) = -4*l - l + v + l + 3*l**2. Give g(2).
6
Let p(h) = h**2 + 2*h - 3. Suppose -4*w + 4*z = 40, -4*z = -2*w + 3 - 25. Let n = w + 7. Let u be (3/n)/(3/(-4)). Determine p(u).
5
Let p be ((-9)/6)/(3/(-8)). Suppose 4*s = z - 5*z - 28, 0 = z + p*s + 22. Let u(i) = i + 1. Determine u(z).
-1
Let r(c) = -16*c**2 + 2*c + 1. Suppose -s + 4 + 0 = 0, 0 = -a - s + 3. Give r(a).
-17
Let l(n) = -n**3 + 3*n**2 + 5*n - 13. Let o be l(3). Let u(i) be the second derivative of -2*i - 1/2*i**4 + 1/20*i**5 - 1/2*i**o + 0*i**3 + 0. Give u(6).
-1
Let q = -8 - -14. Let n = q - 3. Let d(t) = t - n*t + t. What is d(3)?
-3
Let q be (-8 - (-2 - -2))/(-2). Let j(z) = -z**3 + 3*z**2 + 5*z - 2. Give j(q).
2
Let j(q) be the second derivative of -q**3/2 + q**2/2 - 2*q. Determine j(-2).
7
Let m(n) = n**2 - n - 2. Let f be -2 + (-1 - 1/1). Let l be -3*f/(4 - 0). What is m(l)?
4
Let c = 6 - 5. Let n(x) = -x**3 + 2*x - 1. What is n(c)?
0
Let q(r) = -r**3 + 3. Let l(j) = -2*j**3 + 5. Let d(s) = -6*l(s) + 10*q(s). Calculate d(1).
2
Suppose 2*w = -7 - 17. Let a be (5/(15/w))/(-1). Let h be 2/a - 2/4. Let l(s) = -s - 4. Give l(h).
-4
Let h(s) be the first derivative of 2*s**3/3 + 3*s**2/2 + 3*s - 2. Suppose 0*d + 9 = -3*d - 3*u, -5*d + 2*u - 8 = 0. What is h(d)?
5
Let a(t) = t + 2. Let g = -14 - -9. What is a(g)?
-3
Let o(d) = d + 1. Suppose -u - 3*n + 9 - 1 = 0, 4*u - n = 6. Let p be o(u). Let l = p - 1. Let v(i) = i**3 - 4*i**2 + 2*i + 2. What is v(l)?
-2
Let p(c) be the second derivative of c**8/1344 + c**7/2520 + c**6/360 + c**5/120 + c**4/4 + c. Let v(f) be the third derivative of p(f). What is v(-1)?
-5
Let s(x) = 4*x**3 + x**2 - 2*x - 6. Let t(w) = 5*w**3 - w - 7. Let r(y) = -4*s(y) + 3*t(y). Let k be 5*2/(-4)*2. Give r(k).
3
Let y be ((-4)/(-2 + -2))/1. Let s(f) = 3*f + 1. Calculate s(y).
4
Let h be 146/6 + 2/3. Suppose 6*f - f - h = 0. Let j = f - 10. Let x(o) = 2*o + 7. What is x(j)?
-3
Let q(d) = -d**2 + 3*d - 2. Let i(c) = c + 11. Let m = 3 - 7. Let s be ((-6)/m)/(6/(-32)). Let k be i(s). Determine q(k).
-2
Let z(x) be the first derivative of -x**6/360 + x**5/24 + 5*x**4/12 + 3*x**3 + 3. Let a(h) be the third derivative of z(h). Determine a(7).
-4
Let t(d) = 2*d**2 + 2*d - 2. Let u = 0 - -1. Let w = -7 + 11. Suppose 4*k + 5 = -a, -13 = -w*a - u. Determine t(k).
2
Let c(l) = 4*l**3 - l**2 - l - 2. Let s(r) = -3*r**3 + 1. Let y(g) = -2*c(g) - 3*s(g). What is y(-3)?
-14
Suppose 0 = -2*q + 4 - 16. Let r(p) be the third derivative of p**6/120 + p**5/10 - p**4/24 - p**3 + 5*p**2. Calculate r(q).
0
Let i(b) = -b**2 - 4*b - 2. Let h(g) = 2*g**2 + 2*g - 3. Let v be h(0). What is i(v)?
1
Let c(f) = -f**2 - 5*f + 1. Suppose 2*k + 12 = -2*d - k, 4*d + 4*k + 24 = 0. Let n be c(d). Let z(y) = y + 3. Calculate z(n).
-2
Suppose 3*t = -t - 12, t = 3*q - 9. Let u(b) = b. Determine u(q).
2
Let v be ((-126)/27)/((-2)/3). Let x(t) = t**3 - 6*t**2 - 4*t + 4. What is x(v)?
25
Let c(p) = -1 + 4 - 4*p + 5*p - 1. Give c(-2).
0
Let i(l) = -l**3 + 3*l**2 + l - 1. Suppose -o - 4*d - 12 = 0, d + d + 4 = -o. Suppose -o*s + 4 = -8. Calculate i(s).
2
Let p(i) = -3*i + 4. Let b(s) = -7*s + 9. Let h(z) = -4*b(z) + 9*p(z). Suppose -2*o = o - 4*q + 8, -o + 9 = q. Calculate h(o).
4
Let x(z) = -3*z**3 + 3*z**2 + 9*z + 1. Let c(h) = h**3 + h**2 - h - 1. Let i(d) = -4*c(d) - x(d). Suppose 0 = 3*s + 25 - 7. Give i(s).
-3
Let w(n) = n - 23. Let t be w(19). Let a(v) = -3*v - 3*v + 4*v. What is a(t)?
8
Let u(p) = 2*p - 4. Let q be -1 - (2 + 0) - -16. Let r = 19 - q. Calculate u(r).
8
Let r(s) = -4 - s + 1 + 6. Determine r(3).
0
Let o = 9 - 6. Let q(x) = x**2 - 2*x - 3. Determine q(o).
0
Let h(d) = -14*d**3 - 20*d**2 + d + 9. Let o(c) = 5*c**3 + 7*c**2 - 3. Let k(s) = -4*h(s) - 11*o(s). Calculate k(-3).
9
Suppose -u + 5*b - b = 0, -9 = -2*u - b. Suppose 9*c = u*c - 3*x - 24, c = x. Let q(a) = -a**3 - 3*a**2 - a - 4. Give q(c).
-1
Let c(q) = -3*q**3 - q. Let d be c(-1). Suppose 3*y + j = 4*y, -d = -3*y + j. Let w(k) = k**3 - k**2 - 2*k. What is w(y)?
0
Let h = -10 + 15. Let c(o) = -5*o**3 - 2*o**2 - 9*o - 10. Let p(d) = 4*d**3 + d**2 + 8*d + 9. Let z(m) = h*c(m) + 6*p(m). Give z(-4).
-8
Let n = 13 + -14. Let l(a) = -a**2 + a + 1. Suppose 4 = -h + 1. Let b(q) = -4*q**3 + 3*q**2 - 3*q - 4. Let r(k) = h*l(k) + n*b(k). What is r(-1)?
-3
Suppose 0 = -4*t + 2 + 2. Let l(o) = -o - 4*o + t + o - o**2. Suppose 4*c - 4*b + 16 = -9*b, 2*c - b = -8. Determine l(c).
1
Let q(z) = -4*z. Let g be 1 - 0/(16/(-4)). Calculate q(g).
-4
Let x(o) = o**3 - 2*o**2 + 4*o - 3. Let l be x(2). Let u(d) = -4*d**3 + l*d**3 + 20*d**2 - 2*d**3 - 1 - 22*d**2. What is u(